ded by 140?
4
Calculate the remainder when 4828727 is divided by 5004.
4871
Calculate the remainder when 620946908 is divided by 1369.
1364
What is the remainder when 79499868 is divided by 32?
28
Calculate the remainder when 2496516 is divided by 417.
354
Calculate the remainder when 18237320 is divided by 91.
10
Calculate the remainder when 1092764 is divided by 1092736.
28
What is the remainder when 14431182 is divided by 1694?
1690
What is the remainder when 790396 is divided by 197589?
40
What is the remainder when 4048018 is divided by 3844?
286
What is the remainder when 30790555 is divided by 17?
2
Calculate the remainder when 11696210 is divided by 83.
16
What is the remainder when 144661 is divided by 3189?
1156
Calculate the remainder when 275784 is divided by 1508.
1328
What is the remainder when 1355941 is divided by 1618?
57
Calculate the remainder when 450765 is divided by 7640.
5
Calculate the remainder when 239989 is divided by 1489.
260
What is the remainder when 403557 is divided by 1999?
1758
Calculate the remainder when 11324006 is divided by 264.
254
What is the remainder when 21545 is divided by 9905?
1735
Calculate the remainder when 2328856 is divided by 21.
19
Calculate the remainder when 6265742 is divided by 40165.
2
What is the remainder when 32717515 is divided by 66364?
63
Calculate the remainder when 426663 is divided by 398.
7
Calculate the remainder when 250041 is divided by 7338.
549
What is the remainder when 20586 is divided by 3354?
462
Calculate the remainder when 5665845 is divided by 47.
42
What is the remainder when 38651 is divided by 38347?
304
What is the remainder when 4388254 is divided by 124?
18
What is the remainder when 351876 is divided by 58617?
174
What is the remainder when 122881 is divided by 4174?
1835
Calculate the remainder when 8351 is divided by 3645.
1061
What is the remainder when 290183 is divided by 117?
23
Calculate the remainder when 190548 is divided by 63109.
1221
What is the remainder when 2065037 is divided by 4057?
24
What is the remainder when 225962 is divided by 10255?
352
What is the remainder when 13934811 is divided by 1266801?
0
Calculate the remainder when 12591 is divided by 77.
40
Calculate the remainder when 129493789 is divided by 179.
177
Calculate the remainder when 1546827 is divided by 143.
139
Calculate the remainder when 759518 is divided by 151903.
3
What is the remainder when 975614 is divided by 21209?
0
Calculate the remainder when 839223 is divided by 167828.
83
What is the remainder when 61545 is divided by 57341?
4204
What is the remainder when 3843834 is divided by 640612?
162
What is the remainder when 11377208 is divided by 1541?
5
Calculate the remainder when 652526 is divided by 580.
26
What is the remainder when 139787 is divided by 5823?
35
What is the remainder when 1130803292 is divided by 43?
42
What is the remainder when 2864142 is divided by 181?
179
Calculate the remainder when 36597666 is divided by 17.
15
What is the remainder when 1566319 is divided by 857?
580
Calculate the remainder when 463280787 is divided by 113.
110
Calculate the remainder when 27273488 is divided by 9183.
9161
What is the remainder when 286747 is divided by 95468?
343
Calculate the remainder when 5160062 is divided by 5160048.
14
What is the remainder when 13345343 is divided by 864?
863
What is the remainder when 344450 is divided by 5547?
536
What is the remainder when 18040927 is divided by 4?
3
What is the remainder when 6273490 is divided by 31684?
58
What is the remainder when 264955 is divided by 208?
171
What is the remainder when 581300380 is divided by 577?
576
Calculate the remainder when 723375 is divided by 241084.
123
What is the remainder when 7038988 is divided by 9525?
13
What is the remainder when 3768407 is divided by 35?
27
What is the remainder when 337048 is divided by 111738?
1834
Calculate the remainder when 67368709 is divided by 5614058.
13
What is the remainder when 23576802 is divided by 3929467?
0
What is the remainder when 1211428 is divided by 13587?
2185
What is the remainder when 2458844 is divided by 1800?
44
What is the remainder when 672907 is divided by 112149?
13
What is the remainder when 1362252 is divided by 461?
458
Calculate the remainder when 872680 is divided by 3931.
3929
What is the remainder when 885493 is divided by 48?
37
Calculate the remainder when 58191 is divided by 393.
27
Calculate the remainder when 10852169 is divided by 5235.
14
What is the remainder when 403160 is divided by 403148?
12
What is the remainder when 5650549 is divided by 94?
21
What is the remainder when 615843 is divided by 149?
26
What is the remainder when 13127798 is divided by 35?
33
Calculate the remainder when 36241 is divided by 303.
184
What is the remainder when 114241 is divided by 56339?
1563
What is the remainder when 20692849 is divided by 5295?
5284
What is the remainder when 1586 is divided by 752?
82
What is the remainder when 2034702 is divided by 28?
26
What is the remainder when 4313459 is divided by 70?
59
What is the remainder when 8156890 is divided by 61330?
0
Calculate the remainder when 2546991 is divided by 587.
585
Calculate the remainder when 2659200 is divided by 19.
17
What is the remainder when 130311 is divided by 2248?
2175
Calculate the remainder when 13654924 is divided by 1322.
1308
Calculate the remainder when 17479347 is divided by 90.
87
Calculate the remainder when 1919266 is divided by 150.
16
Calculate the remainder when 3541 is divided by 3019.
522
Calculate the remainder when 33381 is divided by 1700.
1081
Calculate the remainder when 692997 is divided by 99.
96
What is the remainder when 338508 is divided by 453?
117
Calculate the remainder when 52640 is divided by 25200.
2240
Calculate the remainder when 2526063 is divided by 716.
15
What is the remainder when 221345 is divided by 5435?
3945
Calculate the remainder when 12479109 is divided by 115.
114
Calculate the remainder when 1218672 is divided by 164.
152
Calculate the remainder when 20823404 is divided by 24.
20
What is the remainder when 1718338 is divided by 1174?
776
What is the remainder when 51365 is divided by 25405?
555
What is the remainder when 28555831 is divided by 31?
26
Calculate the remainder when 573856 is divided by 753.
70
Calculate the remainder when 133221 is divided by 900.
21
What is the remainder when 8551602 is divided by 268?
258
What is the remainder when 497099 is divided by 1095?
1064
Calculate the remainder when 4709165 is divided by 606.
545
Calculate the remainder when 213592 is divided by 156.
28
Calculate the remainder when 17370275 is divided by 1694.
1693
What is the remainder when 5408920 is divided by 511?
496
What is the remainder when 1467331 is divided by 87?
76
What is the remainder when 12914319 is divided by 11624?
55
What is the remainder when 64972 is divided by 4058?
44
What is the remainder when 170623 is divided by 11367?
118
Calculate the remainder when 47540008 is divided by 11885000.
8
What is the remainder when 5088447 is divided by 8?
7
What is the remainder when 260463 is divided by 113?
111
Calculate the remainder when 454718 is divided by 11.
0
What is the remainder when 472539 is divided by 1810?
129
What is the remainder when 3028395 is divided by 1950?
45
Calculate the remainder when 262686649 is divided by 7307.
7306
Calculate the remainder when 265842 is divided by 579.
81
What is the remainder when 37170183 is divided by 262?
243
Calculate the remainder when 4610754 is divided by 936.
18
What is the remainder when 5012122 is divided by 68659?
15
What is the remainder when 6745439 is divided by 4512?
4511
What is the remainder when 538752 is divided by 466?
56
Calculate the remainder when 20912 is divided by 6215.
2267
Calculate the remainder when 1817101 is divided by 344.
93
What is the remainder when 93337 is divided by 27452?
10981
What is the remainder when 5247307 is divided by 31?
30
Calculate the remainder when 130714 is divided by 882.
178
Calculate the remainder when 2683497 is divided by 11.
3
What is the remainder when 513821 is divided by 50?
21
Calculate the remainder when 6343193 is divided by 177.
44
What is the remainder when 2399828 is divided by 239935